the prime factors of s.
2, 3, 5
Suppose 0 = -3*q + 108 - 24. What are the prime factors of (-6)/(-21) - (-1812)/q?
5, 13
Let m(z) = -7*z**3 - 6*z**2 - 8*z - 4. Let s(o) = -2*o**2 + 7*o + 1. Let c be s(4). What are the prime factors of m(c)?
5, 31
Let p(t) = -38*t + 29. Let u(h) = -19*h + 15. Let q(f) = 4*p(f) - 9*u(f). What are the prime factors of q(9)?
2, 19
Suppose 2*y + 14 = -4. Let k be -6*(y/(-6) - 2). Suppose c = k*p - 35, 3*p - c - 24 = p. List the prime factors of p.
11
Suppose -53 + 3826 = 7*x. List the prime factors of x.
7, 11
Suppose -146 = -4*h + 506. Let c = h - 77. What are the prime factors of c?
2, 43
Suppose 6358 = 15*l - 3842. What are the prime factors of l?
2, 5, 17
Suppose 3*o + g + 48 = -59, -5*o - g = 175. Let k = 70 + o. List the prime factors of k.
2, 3
Let u(x) = -x**3 + 17*x**2 + x - 15. Suppose o - 34 = -o. Let h be u(o). Suppose h*j - 3*j = -36. List the prime factors of j.
2, 3
Let i be (1 + 1/4)*4. Suppose -5*m + 160 = -i*d, 2*m - 36 = m + 5*d. Suppose -35*h = -m*h - 192. What are the prime factors of h?
2, 3
Let w(x) = -252*x + 31. What are the prime factors of w(-5)?
1291
Let a be 83 + (-2 - -4) + -1. Let c = -48 + a. List the prime factors of c.
2, 3
Let u be 1*(-1 - -4) + -1. Suppose u*q - 2*g = 60, 2*g = -5*q - 0*g + 185. What are the prime factors of q?
5, 7
Let w(z) = 2*z + 23. Let q be w(-16). Let r = q + 41. What are the prime factors of r?
2
Let v(s) = 22*s**2 - 27*s - 15. What are the prime factors of v(6)?
3, 5, 41
Let y be (-3 - 15/(-10)) + 5/2. Let c(j) = 15*j - 5. What are the prime factors of c(y)?
2, 5
Let p(w) = w - 4. Let d be p(2). Let j be (8*-1)/d*1. What are the prime factors of 215/j + 6/(-8)?
53
Let w be 1/(4/32) - -4. Suppose -9*f = -w*f + 42. List the prime factors of f.
2, 7
Let g = 1305 - 432. List the prime factors of g.
3, 97
List the prime factors of (16 - 2)/(-1)*(2 - 3).
2, 7
Let s = -458 - -642. What are the prime factors of s?
2, 23
List the prime factors of 1/(-8) - (-22 - (-273163)/(-88)).
2, 3, 521
Suppose 0 = v - 5*v + 12. Suppose -5*t + v*t - 10 = 0. What are the prime factors of (-58)/t*15/3?
2, 29
Suppose -8 = 279*y - 275*y. Let d(j) = j + 0*j + 3*j + 21*j**2. What are the prime factors of d(y)?
2, 19
Let z be 360/(-20)*2/(-4). Let y(n) = -n**2 + 9*n - 11. Let i be y(z). What are the prime factors of 18/(-2)*i/3?
3, 11
Suppose 0 = 6*q + 101 + 505. Let k = q - -415. Suppose -5*a = -3*f + 182, -5*f + k = -2*a - a. What are the prime factors of f?
2
Let f(v) = -17*v**2 - 1. Let s = 12 - 13. Let t be f(s). Let l = t - -31. List the prime factors of l.
13
Let o(f) = -f + 6. Let z be o(4). Suppose -h + 5*w + 62 = 0, 0*h + 2*w = -z*h + 136. List the prime factors of h.
67
Suppose -5*l = -2*d - 21, 2*d - 4*d = 6. List the prime factors of 7/(168/3872) - 1/l.
7, 23
Suppose -j + 48 = r - 55, -4*j + 3*r + 391 = 0. What are the prime factors of j?
2, 5
Let w = 107 - 61. List the prime factors of w.
2, 23
Suppose 0 = 2*d - 950 + 176. List the prime factors of d.
3, 43
Let m be (2*3/18)/(2/(-282)). Let f = 101 + m. What are the prime factors of f?
2, 3
Let d be (-244)/(-3) - 23/69. Suppose -4*t + i + 409 = 0, 0*t + 4*i - d = -t. List the prime factors of t.
101
Let u be (5/((-75)/126))/((-16)/680). Let g = u - 211. What are the prime factors of g?
2, 73
Let m(w) = -w**2 - 11*w - 2. Let h(q) = q**2 + 10*q + 3. Let b(c) = 4*h(c) + 3*m(c). Let n be b(-6). Let a(p) = -p + 14. List the prime factors of a(n).
2, 7
Let g = 409 + 949. What are the prime factors of g?
2, 7, 97
Let s(l) = l**3 - 20*l**2 - 19*l + 8. List the prime factors of s(21).
2, 5
Suppose 16*g = 11*g - 4*p + 279, -2*p = -4*g + 218. What are the prime factors of g?
5, 11
Let a(s) = -101*s + 35. List the prime factors of a(-10).
5, 11, 19
Let l = 43 - 40. Suppose -144 = -m - 4*q, 3*q + 2*q - 404 = -l*m. What are the prime factors of m?
2
Let p(q) = -q**3 + 23*q**2 - 15*q + 159. List the prime factors of p(11).
2, 3, 241
Suppose 2 = 2*s - m - 6, 5*s + m - 20 = 0. Suppose b = -2*v - 3*b + 64, -s*v = -2*b - 88. What are the prime factors of v?
2, 3
Let g(i) = 17*i - 106. List the prime factors of g(17).
3, 61
Let j(c) = c**3 - 5*c**2 - 2*c + 1. List the prime factors of j(10).
13, 37
Let z(k) = k**3 - 10*k**2 - 12*k + 14. Let d be z(11). Suppose d = 2*a - 5*a. What are the prime factors of (1 + a/(-2))*24?
2, 3
Suppose -5*i + d + d = -5, -i + d - 2 = 0. Suppose -i*a - 21 + 30 = 0. Let v = a + 12. What are the prime factors of v?
3, 5
Suppose -4*o + 104 = -28. Let k = -29 + o. Suppose -k*l - 41 = -313. What are the prime factors of l?
2, 17
Suppose 28*x = 23*x + 50. Let t = 10 - x. Let g(j) = j**3 + j + 68. What are the prime factors of g(t)?
2, 17
Let v(w) = w + 24. Let d be v(-6). Suppose d + 10 = -2*m. What are the prime factors of m/6*-3*7?
7
Let b(n) = n**3 - 5*n**2 + 8*n - 6. Let h be (-1 + 2)/(15/60). Let m be b(h). Suppose -m = 5*y - 3*y, -5*a - 2*y = 0. What are the prime factors of a?
2
Suppose 8 = 2*h - 0*h. Suppose 2*t = -3*c + 4*t + 237, 2*t + 316 = h*c. What are the prime factors of c?
79
Let l(o) = -10*o**3 + 5*o**2 + 5*o. Let a be l(-2). Suppose 0 = r - 0*r - a. Let f = r - 62. What are the prime factors of f?
2, 7
Let n = -432 + 888. What are the prime factors of n?
2, 3, 19
Let g(r) = r**2 + 3*r - 2. Let b be -10*(-3)/((-12)/2). What are the prime factors of g(b)?
2
Let i(l) = -46*l**2 + 9*l - 7. Let n be i(-7). What are the prime factors of n/(-44) - (-10)/55?
53
What are the prime factors of (1 - -1) + (904 - 26)?
2, 5, 11
List the prime factors of 1745 - 1*(-6 - 4).
3, 5, 13
Let v(w) = -w**3 - 2*w**2. Let r be v(-2). Suppose r = -c - 5*d + 137, -5*c + 513 = 2*d - 80. List the prime factors of c.
3, 13
Let l be (-3639)/(-3) - 0/(-2). Suppose 6*x - 23 = l. Suppose -3*a = 2*i + i - 120, -5*i + x = 3*a. List the prime factors of i.
43
Let b(p) be the second derivative of p**4/6 - p**3/3 - p**2 + 3*p. Let q be b(-4). Suppose 0 = 5*l + q - 158. List the prime factors of l.
2, 3
Suppose 386 + 450 = q. What are the prime factors of q?
2, 11, 19
Suppose 4*m - 3697 = c + 8744, -5*m + 15546 = 4*c. List the prime factors of m.
2, 5, 311
Suppose -47*h = -42*h - 1030. List the prime factors of h.
2, 103
Let i = 609 + -224. What are the prime factors of i?
5, 7, 11
Suppose -11*u + 8 = -15*u. Let q be 1/u + 3/(-2). List the prime factors of 122/12 - q/(-12).
2, 5
Let m(r) = r**3 - 12*r**2 - 15*r + 28. Let c be m(13). Suppose b - 59 = -4*g + 24, 3*g + c*b - 66 = 0. List the prime factors of g.
2, 5
Let t = 3 - 3. Suppose t*c = -4*c + 20. What are the prime factors of c?
5
Suppose -828 = -3*i - 240. Suppose 4*m + i = 5*l - 7, 3*l = -4*m + 141. Suppose 0 = -x - 4*u + 46, -2*x - 3*u = -x - l. What are the prime factors of x?
2, 17
Suppose -4*s - 4*j + 1668 = 0, -5*s + 426 = -4*s - 2*j. List the prime factors of s.
2, 3, 5, 7
Let d(n) = -40*n + 27. Let i be d(10). Let f = -196 - i. What are the prime factors of f?
3, 59
Suppose 0 = z - r - 76 + 9, -z - 3*r + 75 = 0. Suppose -3*o + v - 67 = 0, -2*v - 27 - z = 4*o. Let t = o - -52. List the prime factors of t.
29
Suppose -5755 = 22*k - 15017. What are the prime factors of k?
421
Let j(u) = 19 - 33 + 65*u**2 - u - 3*u + 11. List the prime factors of j(-1).
2, 3, 11
Let x(n) = n**2 + 16*n + 39. Let u be x(-3). Suppose 4*j - 3*v = 17, v - 3 + 2 = 0. Suppose u = -j*m + m + 16. What are the prime factors of m?
2
Let a = -46 - -223. What are the prime factors of a?
3, 59
Let g = -8 + 8. Suppose 5*z - 294 = -k, z - 2*z + 5*k + 64 = g. List the prime factors of z.
59
Let j(z) = z**2 - 4*z - 7. Let a(v) = 4*v**3 + 3*v**2 - 3*v + 1. Let u be a(1). Let s be j(u). What are the prime factors of s/(-10) - 717/(-15)?
2, 3
Suppose 0 = -n + 1702 - 1391. What are the prime factors of n?
311
Let z(t) = -t**2 - 38*t - 36. List the prime factors of z(-25).
17
Let y(s) = s - 1. Suppose 2*k = 5*w + 24, 4*w + 4 = -12. Suppose 2*o - 5*z = -4, -3*o + k*z + 17 - 1 = 0. List the prime factors of y(o).
7
Let f(l) = l**3 + 6*l**2 - 9*l - 9. Let y be f(-7). Suppose 27 = 4*h - 5*w, -h + 2*w + 4 = -y. Suppose -h*i - 50 = -8*i. List the prime factors of i.
2, 5
Let l(u) = -u**2 - 5*u + 2. Let g be l(-4). Let d(p) = -p**3 + 5*p**2 + 9*p - 8. Let w be d(g). Let h = w - 6. What are the prime factors of h?
2
Le